6*a + 3058. Determine q(-17).
-2
Let o(w) = 2*w**2 + 4*w + 360. Give o(0).
360
Let o(w) = 755*w - 5288. Determine o(7).
-3
Let x(q) = 4*q + 105. Determine x(-23).
13
Let q(l) = -295*l - 53689. Calculate q(-182).
1
Let b(a) = -168*a + 7389. What is b(44)?
-3
Let w(f) = 3*f**3 + 63*f**2 - 3*f + 57. Calculate w(-21).
120
Let o(f) = f**3 + 84*f**2 + 156*f - 650. What is o(-82)?
6
Let j(p) = 3*p**3 + 18*p**2 - 40*p - 254. Determine j(-6).
-14
Let n(s) = 451*s - 468. Determine n(1).
-17
Let z(y) = 21*y**2 - 120*y - 9. Calculate z(6).
27
Let r(q) = 175*q + 1614. Determine r(-9).
39
Let w(h) = -3*h**2 + 25*h + 123. Calculate w(12).
-9
Let u(r) = -1049*r + 326244. What is u(311)?
5
Let m(y) = -2*y**3 - 177*y**2 + 94*y + 441. Determine m(-89).
-4
Let m(p) = p**3 + 109*p**2 + 1005*p + 156. What is m(-10)?
6
Let t(o) = o**2 + 670*o - 4051. Give t(6).
5
Let b(k) = -k**2 - 93*k - 2124. Determine b(-39).
-18
Let s(g) = 26*g**2 + 4*g - 134. What is s(7)?
1168
Let n(w) = -w**2 - 6*w - 35. What is n(-7)?
-42
Let p(y) = 21*y**3 - y**2 + 2*y. Give p(2).
168
Let f(y) = 28*y**2 - 33*y + 69. Calculate f(2).
115
Let n(l) = l**2 - 49*l + 49. Give n(1).
1
Let x(i) = 2*i**3 + 4*i**2 - i - 40. Calculate x(6).
530
Let z(h) = h**2 + 52*h - 354. Calculate z(-57).
-69
Let g(b) = -767*b - 38356. What is g(-50)?
-6
Let t(s) = -s**2 + 32*s - 170. Calculate t(8).
22
Let n(f) = f**3 + 8*f**2 - 11*f - 112. Give n(-8).
-24
Let h(t) = 7*t**2 - 54*t - 140. What is h(9)?
-59
Let v(x) = -3*x + 203. What is v(-16)?
251
Let t(m) = -55*m**2 - 13*m - 12. Determine t(-1).
-54
Let t(p) = -18*p - 1017. Determine t(-53).
-63
Let y(v) = -2*v**3 + 2*v**2 + 6*v + 13. Give y(-4).
149
Let o(k) = -104*k**2 + 18*k + 18. Calculate o(-1).
-104
Let s(x) = x**3 - 14*x**2 - 99*x + 7. Calculate s(-5).
27
Let n(x) = -17*x - 13. What is n(-7)?
106
Let a(k) = 874*k + 8. Give a(0).
8
Let b(u) = -2*u**2 - 1483*u - 8813. Give b(-6).
13
Let r(d) = -d**3 - 22*d**2 - 40*d - 890. Give r(-22).
-10
Let v(z) = -z**3 + 7*z**2 - 2*z - 18. What is v(8)?
-98
Let h(q) = 7*q**2 + 8*q + 22. Determine h(-2).
34
Let y(t) = t**2 - 7*t - 22. Give y(-2).
-4
Let x(u) = 9*u**2 + 272*u + 14. Calculate x(-30).
-46
Let c(k) = -4*k + 240. Calculate c(64).
-16
Let g(a) = 4*a**2 + 10*a - 1050. What is g(15)?
0
Let x(w) = w**2 - 78*w + 1503. What is x(39)?
-18
Let y(r) = -58*r**2 + 1795*r + 91. Calculate y(31).
-2
Let i(f) = 3*f**2 - 247*f - 42. Give i(83).
124
Let k(r) = -r**3 - 86*r**2 + 266*r - 88. Determine k(-89).
1
Let h(m) = -m**3 - 28*m**2 - 14*m - 411. Calculate h(-28).
-19
Let g(s) = 3506*s + 56096. Calculate g(-16).
0
Let o(p) = p**2 + 113*p + 3017. Determine o(-42).
35
Let y(d) = -167*d - 10182. Give y(-61).
5
Let b(v) = -4*v**3 - 36*v**2 - 257*v - 2309. Give b(-9).
4
Let t(m) = 82*m + 501. Determine t(-6).
9
Let a(q) = -336*q + 1384. What is a(4)?
40
Let k(u) = u**3 + 2*u**2 + u + 8. Calculate k(-7).
-244
Let p(q) = 23*q + 1856. Give p(-81).
-7
Let f(x) = -262*x + 10. Calculate f(1).
-252
Let a(p) = 3151*p - 34655. Calculate a(11).
6
Let z(r) = -2*r**3 - 17*r**2 + 187*r - 129. Calculate z(-15).
-9
Let o(f) = -f**3 - 4*f**2 + 35*f + 6. Determine o(-9).
96
Let m(d) = d**3 + 117*d**2 + 2063*d + 4519. Determine m(-96).
7
Let j(s) = s**3 + 15*s**2 + 12*s + 6. What is j(-14)?
34
Let w(i) = 99*i + 690. Give w(5).
1185
Let h(c) = 193*c - 1739. What is h(9)?
-2
Let k(d) = -3*d**3 + 28*d**2 + 10*d + 20. What is k(9)?
191
Let r(v) = -20*v + 71. Calculate r(5).
-29
Let f(c) = 27*c + 161. What is f(-6)?
-1
Let y(n) = -n**2 - 42*n + 361. Give y(-38).
513
Let q(f) = -f**2 - 96*f + 3317. Give q(27).
-4
Let x(l) = 120*l**3 + l**2 + l + 1. Determine x(-1).
-119
Let p(j) = 37*j - 2. Calculate p(-1).
-39
Let z(h) = -3*h**3 - 30*h**2 - 32*h - 20. Calculate z(-8).
-148
Let d(i) = -17*i**3 + 4*i**2 + 7*i + 7. Give d(-2).
145
Let p(i) = 354*i + 12388. Calculate p(-35).
-2
Let p(u) = -43*u**3 - 475*u**2 - 25*u - 31. What is p(-11)?
2
Let y(l) = -l**3 - 3*l**2 - 18*l - 27. What is y(-3)?
27
Let d(t) = t**3 + 9*t**2 - 13*t + 11. Determine d(-10).
41
Let s(f) = f**3 - 4*f**2 - 21*f - 15. Give s(7).
-15
Let t(z) = z**2 + 13*z - 5075. Calculate t(-77).
-147
Let f(p) = -10*p**2 - 14*p + 61. Give f(6).
-383
Let b(a) = -a**3 - a**2 + 22*a + 10. Determine b(-5).
0
Let p(a) = a**3 + 9*a**2 - 219*a + 687. Calculate p(-21).
-6
Let l(y) = -53*y**2 - 161*y - 3. Determine l(-3).
3
Let n(w) = -w**3 - 4*w**2 + w + 34. Give n(-6).
100
Let v(u) = 2*u**3 + 15*u**2 + u - 24. Give v(-7).
18
Let u(d) = -48*d - 1667. Calculate u(-32).
-131
Let h(v) = -v**2 - 38*v - 148. What is h(-35)?
-43
Let b(x) = -1325*x + 7956. Calculate b(6).
6
Let j(h) = -360*h - 3006. Determine j(-9).
234
Let r(g) = g**3 - 14*g**2 + 16*g + 23. Determine r(8).
-233
Let v(u) = -3*u**3 - 8*u**2 - 8*u - 8. Give v(-4).
88
Let h(x) = -x**2 - 153*x + 5918. Calculate h(32).
-2
Let h(q) = -6*q**2 + 226*q - 28. What is h(38)?
-104
Let n(m) = -2*m**2 - 463*m - 26719. Give n(-110).
11
Let v(a) = -123*a + 1572. What is v(17)?
-519
Let i(v) = 14819*v - 14803. Calculate i(1).
16
Let s(t) = -t**2 + 62*t + 562. Calculate s(-8).
2
Let l(f) = 77*f**2 - 4548*f + 280. Give l(59).
-15
Let p(r) = -2*r**2 - 89*r + 1673. Give p(-59).
-38
Let c(b) = b**3 + 44*b**2 - 1543*b + 48. Give c(23).
2
Let a(r) = -14*r**3 - 3*r**2 - 10*r + 11. Calculate a(1).
-16
Let r(o) = 11*o**2 + 113*o + 41. Give r(-10).
11
Let y(j) = 50*j - 550. Determine y(12).
50
Let n(c) = -61*c - 3292. Give n(-54).
2
Let t(a) = -2*a**2 - 199*a - 4123. Calculate t(-70).
7
Let m(n) = -4*n**2 - 59*n - 4. Determine m(-14).
38
Let t(q) = q**2 - 44*q + 480. Determine t(17).
21
Let t(p) = p**3 - 37*p**2 - 102*p + 939. Give t(39).
3
Let l(r) = -5*r**2 + 4*r + 24. Calculate l(8).
-264
Let i(o) = 2*o**2 - 11*o + 82. Calculate i(8).
122
Let q(a) = 272*a - 646. Calculate q(7).
1258
Let x(u) = 14*u**2 - 5*u - 49. Determine x(-5).
326
Let m(d) = 47*d - 2190. Calculate m(41).
-263
Let h(a) = a**2 - 40*a + 37. What is h(39)?
-2
Let p(z) = -z**3 + 17*z**2 - 25*z + 42. Determine p(16).
-102
Let l(i) = i**2 + 4*i - 71. What is l(11)?
94
Let m(p) = -p**3 - 12*p**2 - 20*p - 24. What is m(-10)?
-24
Let j(q) = -71*q + 434. What is j(5)?
79
Let r(k) = 9*k**2 + 33*k + 34. Calculate r(-1).
10
Let q(z) = 1918*z - 11170. What is q(6)?
338
Let k(p) = 23*p + 32. Give k(3).
101
Let t(x) = -441*x - 2212. Give t(-5).
-7
Let y(z) = -z**3 - 3*z**2 + 19*z + 3. What is y(-6)?
-3
Let s(g) = 4*g**2 + 34*g - 1045. Give s(-21).
5
Let d(u) = 483*u + 2413. Calculate d(-5).
-2
Let u(s) = s**2 + 18*s - 1. What is u(-15)?
-46
Let m(l) = -l**3 - 21*l**2 - 108*l + 15. Determine m(-8).
47
Let u(d) = 2*d**2 - 244*d - 889. What is u(124)?
-393
Let h(i) = 2*i**3 - 49*i**2 + 99*i - 17. What is h(2)?
1
Let x(b) = -85*b - 4512. Calculate x(-53).
-7
Let p(a) = -250*a - 2281. Give p(-11).
469
Let p(c) = 56*c + 242. Determine p(9).
746
Let m(w) = w**3 - 84*w**2 - 82*w - 37. Give m(85).
218
Let f(h) = 2*h**3 + 107*h**2 + 57*h + 182. What is f(-53)?
-30
Let h(i) = -i**2 - 39*i + 6. Give h(-33).
204
Let v(a) = -28*a + 10. What is v(7)?
-186
Let m(v) = v**2 - 398*v - 5459. Give m(-13).
-116
Let w(o) = o**2 + 18*o + 209. What is w(-11)?
132
Let c(h) = 2*h**3 - 8*h**2 - 19*h + 14. What is c(6)?
44
Let j(l) = 7*l**2 - 154*l - 9. Give j(22).
-9
Let t(j) = 341*j + 115. What is t(1)?
456
Let l(g) = -252*g**2 + 529*g - 52. What is l(2)?
-2
Let s(o) = -94*o - 507. Determine s(-5).
-37
Let s(r) = r**2 - 4*r + 11. What is s(4)?
11
Let k(y) = -y**2 - 32*y - 168. What is k(-29)?
-81
Let t(b) = b**2 - 726*b - 14145. Determine t(-19).
10
Let o(c) = -291*c**2 - 38124*c - 382. Determine o(-131).
11
Let c(f) = 2420*f + 14520. Determine c(-6).
0
Let w(v) = -357*v + 1054. Determine w(3).
-17
Let i(h) = h**3 - 36*h**2 + 65*h + 85. Give i(34).
-17
Let z(k) = k**3 - 10*k - 12. Give z(-3).
-9
Let q(p) = 2*p**3 - p**2 - p + 2. Give q(-3).
-58
Let k(m) = -m**2 + 99*m - 2138. Determine k(32).
6
Let h(m) = 5*m + 2. What is h(11)?
57
Let l(w) = -w**2 - 21*w - 95. Determine l(-8).
9
Let z(d) = -408*d - 1215. Determine z(-3).
9
Let g(l) = -31*l - 253. Give g(-8).
-5
Let x(g) = -g**3 + 8*g**2 + 9*g - 59. Determine x(8).
13
Let a(f) = -f**2 + 4*f + 97. Calculate a(10).
37
Let z(f) = 86*f**3 - 10*f**2 - 19*f - 13. What is z(-1)?
-90
Let j(m) = m**3